98, -2*x = -5*x + 4*n + t. What are the prime factors of x?
2, 37
Let o(n) be the first derivative of -n**3/3 + n**2/2 + 26*n - 1. Suppose 0 = -3*y + 4*m - 8, 8*m + 2 = 3*y + 9*m. What are the prime factors of o(y)?
2, 13
List the prime factors of -6*2/(-16)*(-8328)/(-9).
2, 347
What are the prime factors of (78 + 183939)*(-3)/(-9)?
61339
Let s = -373 - 248. Let v = -344 - s. What are the prime factors of v?
277
Suppose 14*x - 25 - 3 = 0. Suppose 8 = x*s, 2*s = 3*t - 2613 - 1093. List the prime factors of t.
2, 619
Suppose -3 = 2*z - 7. Let v = -1744 + 1747. Suppose -z*i + 144 = -d, -i - v*d = 2*d - 83. What are the prime factors of i?
73
Suppose 0 = 2454*v - 2408*v - 2014110. List the prime factors of v.
3, 5, 7, 139
Let z(u) = u - 1. Let o(c) = -4*c + 3. Let p(x) = o(x) + 3*z(x). Let q be p(-4). List the prime factors of (0 - q) + -15 + 30.
11
Let a = 651 - 39. Suppose 2*m = -13 + 21, -a = -2*r - 5*m. What are the prime factors of r?
2, 37
Let a(q) = -q**3 + 6*q**2 - 6*q. Let m be a(3). List the prime factors of (-1*4)/(m - (-13830)/(-1536)).
2
Suppose -k - 175 = -3*a - 3*k, -3*a + k + 160 = 0. Suppose -3*g + a = -r, 0 = 4*g - 2*r - 55 - 19. Suppose 7*l - g = 31. List the prime factors of l.
7
Suppose 2*j - 11*c = -8*c + 14149, j = 4*c + 7077. List the prime factors of j.
11, 643
Let m(p) = -16*p - 6. Let x(c) = 15*c + 5. Let b(j) = -4*m(j) - 5*x(j). Let r be (-18)/27*6/4. List the prime factors of b(r).
2, 5
Let g(y) = -219*y - 105. Let t be g(-14). Suppose -10*o - t = -17*o. What are the prime factors of o?
3, 47
Suppose 143*z - 1895491 = 415086 + 249981. List the prime factors of z.
2, 7, 1279
Suppose -609 = -5*b + 416. Suppose 23*q - 18*q - b = 0. Suppose 36*f + 275 = q*f. List the prime factors of f.
5, 11
Let t = -198 - -141. Let f = 59 + t. List the prime factors of (f/(-3))/(5 - 11828/2364).
197
Suppose -2*d + 5*d = 534. Suppose -5*g + 42 = -q, 3*g = q - 15 + 39. Suppose -g*h + 7*h = -d. What are the prime factors of h?
89
Suppose -6*q + 95915 + 40105 = 0. Suppose 0 = -19*m + q - 725. List the prime factors of m.
3, 5, 7, 11
Suppose -8180 = -m + 5284. List the prime factors of m.
2, 3, 11, 17
Let n be -1 - -75 - (-5 + 4). Let g be (-8)/(-32) - (-2850)/(-40). Let t = g + n. What are the prime factors of t?
2
Suppose -11*j + 16*j - 870 = 0. Let p be (-436)/7 + (-2)/(-7). Let w = j + p. List the prime factors of w.
2, 7
Let w(i) be the first derivative of 4*i**3/3 - 11*i**2 + 71*i - 68. What are the prime factors of w(11)?
313
Let u be ((-85)/102)/(3/(-18)). Suppose -3*k + 3*x = -2*k - 1537, 0 = -3*k + u*x + 4611. List the prime factors of k.
29, 53
Let v(t) = -23*t - 5. Suppose 5*p + 21 = 2*q - 0*q, 12 = 4*p. Suppose 0*b + 3*b = -q. List the prime factors of v(b).
7, 19
Suppose 85*a + 828 = 87*a. Let i = a + -238. What are the prime factors of i?
2, 11
Suppose -66032 = -4*z + t, -420*z - t - 49525 = -423*z. What are the prime factors of z?
17, 971
What are the prime factors of ((-2898)/35)/((-12)/80)?
2, 3, 23
Suppose 0 = -5*r + 3*k - 9653, 8*k - 5786 = 3*r + 12*k. Let u = r + 3306. What are the prime factors of u?
2, 43
Let c(k) = -k**3 - 2*k**2 + 6*k - 5. Let n be c(3). Let z = 37 + n. Suppose -z*r = 2*r - 77. List the prime factors of r.
11
Suppose -56*v + 312 = -80*v. Suppose -j + 4*a = -4 - 15, -2*j + 3*a = -28. Let o = j - v. What are the prime factors of o?
2, 3
Suppose -281799 = -26*h - 89503. List the prime factors of h.
2, 43
What are the prime factors of ((-101580)/(-18))/((-20)/(-12))?
2, 1693
Let g = 2 + -3. Let j be ((-3352)/(-12) - -1) + g/3. Suppose 0*r + j = 5*r. List the prime factors of r.
2, 7
List the prime factors of 14/(-77) - (-31745)/110*2.
577
Let x(p) = -7*p**3 + 6*p**2 + 65*p + 55. What are the prime factors of x(-9)?
5059
Suppose -2790 = -5*i + 5*a, 4*i = i + 5*a + 1674. Suppose 4*g - 58 = i. Suppose -g = 5*o + 4*k - 613, -o - 5*k + 96 = 0. List the prime factors of o.
7, 13
Suppose 3*s - 15 = 0, 3*i + s - 8092 + 2069 = 0. Suppose 3*c - c - 1320 = -x, -5*x = -3*c + i. List the prime factors of c.
2, 331
Suppose -4*q + 426 = -2*d - 2008, 0 = -5*d + 2*q - 6125. Let x = d + 2241. What are the prime factors of x?
2, 3, 13
Suppose 6*v + 4 + 494 = 0. Let u = -67 - v. Suppose -156 = -28*o + u*o. List the prime factors of o.
13
Let i = 13787 - 8063. Suppose -15*w + i = -6*w. List the prime factors of w.
2, 3, 53
Let w = 17350 + 18126. List the prime factors of w.
2, 7, 181
Let r be (-544 - 11)/(-2 - 3/(-2)). Suppose 4*f + 4*i - 856 = 0, 8*i + r = 5*f + 3*i. List the prime factors of f.
2, 109
Let l = 71 - 67. Let x(z) = z**3 - z**2 - 10*z + 7. Let h be x(l). What are the prime factors of 12*5/h - 1*-169?
173
Suppose -7*s + 2576 = -32858. Suppose -5*x - 2519 = -2*a, 9*x + s = 4*a + 7*x. What are the prime factors of a?
7, 181
Let r(m) = -m**3 - 33*m**2 - 59*m - 95. What are the prime factors of r(-35)?
2, 5, 13, 17
Let u = 644 - 64. Suppose -3*s + u + 563 = 0. What are the prime factors of s?
3, 127
Let i(r) = 2*r**2 - 12*r + 11. Let q = -3 + -5. What are the prime factors of i(q)?
5, 47
Let f(n) = 2378*n - 3467. List the prime factors of f(32).
59, 1231
List the prime factors of (33 + 2699 - (1 - 0))*3.
3, 2731
Let z(d) = -d**3 + 13*d**2 + 8*d + 62. List the prime factors of z(-25).
2, 5903
Let k(z) = 2286*z + 284. List the prime factors of k(3).
2, 3571
Suppose -4*r - 3*y + 165 = 0, y - 6*y = -2*r + 115. List the prime factors of (-1710)/r*(-29)/2.
19, 29
Let o be ((-2)/(-25)*-10)/(2/(-120)). Suppose -o*k + 27*k = -9471. What are the prime factors of k?
11, 41
Let t = -2826 - -1556. Let a = -905 - t. List the prime factors of a.
5, 73
Let i be (-2 + 6)*1/(-1). What are the prime factors of 519 - (-3 - 2 - i)?
2, 5, 13
Suppose -5*w + 51394 = 3*d + 8086, 2*d = 3*w - 25981. List the prime factors of w.
3, 2887
Let b(l) = -21*l + 3*l**3 + 21*l**2 + 60 + 3*l**3 + 2*l**3 - 14*l**3 + 7*l**3. What are the prime factors of b(-20)?
2, 5, 11
Let t(h) be the third derivative of h**6/120 - 19*h**5/60 + 4*h**4/3 + 7*h**3/6 + 23*h**2. Let w be t(17). Let j = w - -159. What are the prime factors of j?
2, 3, 11
Suppose 3*u + 12 = -9. Let k be (u + 11)/(4/14). Suppose 17*f - k*f - 153 = 0. List the prime factors of f.
3, 17
Suppose -2*t = 28 - 128. Suppose 16*o - 30*o = 0. Suppose 70 = 3*s - o*g + 2*g, 3*s - t = 2*g. What are the prime factors of s?
2, 5
Let n(b) = b**3 - 35*b**2 - 19*b - 21. List the prime factors of n(38).
37, 97
Let j(b) be the third derivative of 17*b**4/24 - b**3/6 - b**2. Suppose 5*k - q - 9 = 0, 5*k = -27*q + 24*q + 33. List the prime factors of j(k).
2, 5
Suppose 6*u + 2*d = 64146, -2*u = -32*d + 33*d - 21384. List the prime factors of u.
3, 7, 509
Suppose -80*y = -123*y + 199735. List the prime factors of y.
5, 929
Let k(l) = -l**2 + 5*l + 5. Let v(t) = -t**2 + t - 1. Let f(w) = k(w) - 3*v(w). Suppose b + 3*b = -20. List the prime factors of f(b).
2, 3
Let j = 6644 + -4317. List the prime factors of j.
13, 179
Suppose 7*n - 71620 = -52*n + 17293. What are the prime factors of n?
11, 137
Suppose -t + 26*t - 125 = 0. Let o(x) = 114*x - 2. Let d be o(2). Suppose -d = -t*l + 64. List the prime factors of l.
2, 29
Let g(l) = 3*l**2 + 287*l**2 - 146*l**2 + 2*l + 262*l**2. What are the prime factors of g(-1)?
2, 101
Let m = -344 - -360. Suppose -m*c = -12*c - 2080. What are the prime factors of c?
2, 5, 13
Suppose i + 53512 = 5*m - 10202, m - 12714 = 5*i. What are the prime factors of m?
2, 3, 59
Let q(f) = 17*f + 60. Let j be q(-8). List the prime factors of (-8)/j + 21460/95.
2, 113
Suppose w + 5 - 3 = 0. Let u(i) = 37*i + 58. Let d be u(8). What are the prime factors of (-1)/(9/d*w/3)?
59
Suppose -3*l + 4*m = -2500, -l + 3*l + 5*m - 1636 = 0. Suppose l = 12*f - 2328. List the prime factors of f.
263
Suppose 5*i + 1122 = 4*i - 5*s, 2*s + 1119 = -i. Let f = 1697 + i. List the prime factors of f.
2, 5, 29
Let k(h) be the first derivative of -47*h**3/6 - h**2/2 + 6*h + 11. Let r(v) be the first derivative of k(v). What are the prime factors of r(-1)?
2, 23
Suppose 64*w - 465221 = 443287 + 347940. List the prime factors of w.
2, 3, 409
Let f = -876 + 414. Let q = f + 1047. What are the prime factors of q?
3, 5, 13
Let j(g) = -832*g + 805. What are the prime factors of j(-12)?
10789
Let m = -2957 - -1314. Let q